{"id":111,"date":"2014-10-10T17:01:25","date_gmt":"2014-10-10T15:01:25","guid":{"rendered":"http:\/\/demo.mintthemes.com\/soundstage\/?page_id=111"},"modified":"2016-04-18T01:02:43","modified_gmt":"2016-04-18T00:02:43","slug":"contact-page","status":"publish","type":"page","link":"http:\/\/sory.cz\/?page_id=111","title":{"rendered":"Kontakty"},"content":{"rendered":"<p>[vc_row][vc_column][vc_column_text]<span style=\"font-size: 14px;\"><strong><a title=\"Kontakt\" href=\"mailto:robert.simcik@seznam.cz\">info@sory.cz<\/a><\/strong><\/span><\/p>\n<p>+420 777 204 670 , \u00a0\u00a0 +420 776 017 698<\/p>\n<p><strong>management &amp; booking:\u00a0 <\/strong>SORY Agency<\/p>\n<p><strong>Napi\u0161te n\u00e1m:<\/strong><\/p>\n<p>\n\n<!-- Fast Secure Contact Form plugin 4.0.38 - begin - FastSecureContactForm.com -->\r\n<div style=\"clear:both;\"><\/div>\n<p>Uv\u00edt\u00e1me va\u0161e koment\u00e1\u0159e a n\u00e1zory.<\/p>\r\n<div id=\"FSContact3\" style=\"width:99%; max-width:555px;\">\r\n<form action=\"http:\/\/sory.cz\/index.php?rest_route=%2Fwp%2Fv2%2Fpages%2F111#FSContact3\" id=\"fscf_form3\" method=\"post\">\r\n\n<div id=\"fscf_div_clear3_1\" style=\"clear:both;\">\n  <div id=\"fscf_div_field3_1\" style=\"clear:left; float:left; width:99%; max-width:550px; margin-right:10px;\">\n    <div style=\"text-align:left; padding-top:5px;\">\n      <label style=\"text-align:left;\" for=\"fscf_email3\">Email:<\/label>\n    <\/div>\n    <div style=\"text-align:left;\">\n      <input style=\"text-align:left; margin:0; width:99%; max-width:250px;\" type=\"text\" id=\"fscf_email3\" name=\"email\" value=\"\"  \/>\n    <\/div>\n  <\/div>\n<\/div>\n\n<div id=\"fscf_div_clear3_3\" style=\"clear:both;\">\n  <div id=\"fscf_div_field3_3\" style=\"clear:left; float:left; width:99%; max-width:550px; margin-right:10px;\">\n    <div style=\"text-align:left; padding-top:5px;\">\n      <label style=\"text-align:left;\" for=\"fscf_field3_3\">Zpr\u00e1va:<\/label>\n    <\/div>\n    <div style=\"text-align:left;\">\n      <textarea style=\"text-align:left; margin:0; width:99%; max-width:250px; height:120px;\" id=\"fscf_field3_3\" name=\"message\" cols=\"30\" rows=\"10\" ><\/textarea>\n    <\/div>\n  <\/div>\n<\/div>\r\n<div style=\"clear:both;\"><\/div>\n        \r\n<div style=\"display:none;\">\r\n     <label for=\"firstname3\"><small>Leave this field empty<\/small><\/label>\r\n     <input type=\"text\" name=\"firstname\" id=\"firstname3\" value=\"\" \/>\r\n<\/div>\r\n\n<div id=\"fscf_submit_div3\" style=\"text-align:left; clear:both; padding-top:15px;\">\r\n\t\t<input type=\"submit\" id=\"fscf_submit3\" style=\"cursor:pointer; margin:0;\" value=\"Odeslat\"  onclick=\"this.disabled=true; this.value='Submitting...'; this.form.submit();\" \/> \n<\/div>\n\n<input type=\"hidden\" name=\"fscf_submitted\" value=\"0\" \/>\n<input type=\"hidden\" name=\"fs_postonce_3\" value=\"4629bebd610207ea728eb4535c67c2c3,1776507483\" \/>\n<input type=\"hidden\" name=\"si_contact_action\" value=\"send\" \/>\n<input type=\"hidden\" name=\"form_id\" value=\"3\" \/>\n<input type=\"hidden\" name=\"mailto_id\" value=\"1\" \/>\n\n<\/form>\n<\/div>\r\n<div style=\"clear:both;\"><\/div>\n\n<!-- Fast Secure Contact Form plugin 4.0.38 - end - FastSecureContactForm.com -->\n[\/vc_column_text][\/vc_column][\/vc_row]<\/p>\n","protected":false},"excerpt":{"rendered":"<p>[vc_row][vc_column][vc_column_text]info@sory.cz +420 777 204 670 , \u00a0\u00a0 +420 776 017 698 management &amp; booking:\u00a0 SORY Agency Napi\u0161te n\u00e1m: [\/vc_column_text][\/vc_column][\/vc_row]<\/p>\n","protected":false},"author":1,"featured_media":0,"parent":0,"menu_order":0,"comment_status":"closed","ping_status":"closed","template":"","meta":[],"_links":{"self":[{"href":"http:\/\/sory.cz\/index.php?rest_route=\/wp\/v2\/pages\/111"}],"collection":[{"href":"http:\/\/sory.cz\/index.php?rest_route=\/wp\/v2\/pages"}],"about":[{"href":"http:\/\/sory.cz\/index.php?rest_route=\/wp\/v2\/types\/page"}],"author":[{"embeddable":true,"href":"http:\/\/sory.cz\/index.php?rest_route=\/wp\/v2\/users\/1"}],"replies":[{"embeddable":true,"href":"http:\/\/sory.cz\/index.php?rest_route=%2Fwp%2Fv2%2Fcomments&post=111"}],"version-history":[{"count":19,"href":"http:\/\/sory.cz\/index.php?rest_route=\/wp\/v2\/pages\/111\/revisions"}],"predecessor-version":[{"id":1303,"href":"http:\/\/sory.cz\/index.php?rest_route=\/wp\/v2\/pages\/111\/revisions\/1303"}],"wp:attachment":[{"href":"http:\/\/sory.cz\/index.php?rest_route=%2Fwp%2Fv2%2Fmedia&parent=111"}],"curies":[{"name":"wp","href":"https:\/\/api.w.org\/{rel}","templated":true}]}}